{"id":13,"date":"2014-01-19T14:34:23","date_gmt":"2014-01-19T14:34:23","guid":{"rendered":"http:\/\/conferinte.juridice.ro\/probleme-dificile-de-procedura-civila-2014\/?page_id=13"},"modified":"2014-02-20T22:14:42","modified_gmt":"2014-02-20T22:14:42","slug":"speakeri","status":"publish","type":"page","link":"https:\/\/conferinte.juridice.ro\/probleme-dificile-de-procedura-civila-2014\/speakeri","title":{"rendered":"Speakeri"},"content":{"rendered":"<p><i>* ordine alfabetic\u0103 (nu este ordinea \u00een care vorbitorii vor lua cuv\u00e2ntul)<\/i><\/p>\n<div class=\"chenar-basic\">Av. prof. univ. dr. <a title=\"Gheorghe BUTA\" href=\"http:\/\/conferinte.juridice.ro\/speakeri\/gheorghe-buta\">Gheorghe BUTA<\/a>, Deputy Managing Partner MU\u0218AT &#038; ASOCIA\u021aII<\/div>\n<div class=\"chenar-basic\">Av. dr. <a title=\"Claudiu DINU\" href=\"http:\/\/conferinte.juridice.ro\/speakeri\/claudiu-dinu\">Claudiu DINU<\/a>, formator INPPA<\/div>\n<div class=\"chenar-basic\">Av. dr. <a title=\"Ion DRAGNE\" href=\"http:\/\/conferinte.juridice.ro\/speakeri\/ion-dragne\">Ion DRAGNE<\/a>, Managing Partner DRAGNE &#038; ASOCIA\u021aII<\/div>\n<div class=\"chenar-basic\">Av. dr. <a title=\"Gheorghe FLOREA\" href=\"http:\/\/conferinte.juridice.ro\/speakeri\/gheorghe-florea\">Gheorghe FLOREA<\/a>, Pre\u0219edinte UNIUNEA NA\u021aIONAL\u0102 A BAROURILOR DIN ROM\u00c2NIA<\/div>\n<div class=\"chenar-basic\">Av. dr. <a title=\"Sonia FLOREA\" href=\"http:\/\/conferinte.juridice.ro\/speakeri\/sonia-florea\">Sonia FLOREA<\/a>, FLOREA GHEORGHE &#038; ASOCIA\u021aII<\/div>\n<div class=\"chenar-basic\">Jud. <a title=\"Roxana POPA\" href=\"http:\/\/conferinte.juridice.ro\/speakeri\/roxana-popa\">Roxana POPA<\/a>, judec\u0103tor \u00ceNALTA CURTE DE CASA\u021aIE \u0218I JUSTI\u021aIE<\/div>\n<div class=\"chenar-basic\">Av. <a title=\"Robert ROSU\" href=\"http:\/\/conferinte.juridice.ro\/speakeri\/robert-rosu\">Robert RO\u0218U<\/a>, Partner \u021aUCA ZB\u00c2RCEA &#038; ASOCIA\u021aII<\/div>\n<div class=\"chenar-basic\">Av. prof. univ. dr. <a title=\"Valeriu STOICA\" href=\"http:\/\/conferinte.juridice.ro\/speakeri\/valeriu-stoica\">Valeriu STOICA<\/a>, Partener Fondator STOICA &#038; ASOCIA\u021aII<\/div>\n<div class=\"chenar-basic\">Jud. drd. <a title=\"Delia Narcisa THEOHARI\" href=\"http:\/\/conferinte.juridice.ro\/speakeri\/delia-narcisa-theohari\">Delia Narcisa THEOHARI<\/a>, TRIBUNALUL BUCURE\u0218TI<\/div>\n<div class=\"chenar-basic\">Av. dr. <a title=\"Mircea URSUTA\" href=\"http:\/\/conferinte.juridice.ro\/speakeri\/mircea-ursuta\">Mircea URSU\u021aA<\/a><\/div>\n<div class=\"chenar-basic\">Av. dr. <a title=\"Cosmin VASILE\" href=\"http:\/\/conferinte.juridice.ro\/speakeri\/cosmin-vasile\">Cosmin VASILE<\/a>, Partener Coordonator ZAMFIRESCU RACO\u021aI &#038; PARTNERS<\/div>\n<div class=\"chenar-basic\">Jud. dr. <a title=\"Liviu ZIDARU\" href=\"http:\/\/conferinte.juridice.ro\/speakeri\/liviu-zidaru\">Liviu ZIDARU<\/a>,\u00a0formator INM<\/div>\n<div class=\"chenar-basic\">Av. dr. <a title=\"Cristian MILITARU\" href=\"http:\/\/conferinte.juridice.ro\/speakeri\/cristian-militaru\/\">Cristian MILITARU<\/a>, Senior Associate NESTOR NESTOR DICULESCU KINGSTON PETERSEN<\/div>\n<div style=\"margin-top:15px;\"><b>MODERATORI<\/b><\/div>\n<div class=\"chenar-basic\"><a title=\"Bogdan DUMITRACHE\" href=\"http:\/\/conferinte.juridice.ro\/speakeri\/bogdan-dumitrache\/\">Bogdan DUMITRACHE<\/a><\/div>\n<div class=\"chenar-basic\">Dr. <a title=\"Andrei SAVESCU\" href=\"http:\/\/conferinte.juridice.ro\/speakeri\/andrei-savescu\/\">Andrei S\u0102VESCU<\/a>, coord. JURIDICE.ro<\/div>\n","protected":false},"excerpt":{"rendered":"<p>* ordine alfabetic\u0103 (nu este ordinea \u00een care vorbitorii vor lua cuv\u00e2ntul) Av. prof. univ. dr. Gheorghe BUTA, Deputy Managing Partner MU\u0218AT &#038; ASOCIA\u021aII Av. dr. Claudiu DINU, formator INPPA Av. dr. Ion DRAGNE, Managing Partner DRAGNE &#038; ASOCIA\u021aII Av. dr. Gheorghe FLOREA, Pre\u0219edinte UNIUNEA NA\u021aIONAL\u0102 A BAROURILOR DIN ROM\u00c2NIA Av. dr. Sonia FLOREA, FLOREA [&hellip;]<\/p>\n","protected":false},"author":1,"featured_media":0,"parent":0,"menu_order":4,"comment_status":"open","ping_status":"open","template":"","meta":{"footnotes":""},"class_list":["post-13","page","type-page","status-publish","hentry"],"_links":{"self":[{"href":"https:\/\/conferinte.juridice.ro\/probleme-dificile-de-procedura-civila-2014\/wp-json\/wp\/v2\/pages\/13","targetHints":{"allow":["GET"]}}],"collection":[{"href":"https:\/\/conferinte.juridice.ro\/probleme-dificile-de-procedura-civila-2014\/wp-json\/wp\/v2\/pages"}],"about":[{"href":"https:\/\/conferinte.juridice.ro\/probleme-dificile-de-procedura-civila-2014\/wp-json\/wp\/v2\/types\/page"}],"author":[{"embeddable":true,"href":"https:\/\/conferinte.juridice.ro\/probleme-dificile-de-procedura-civila-2014\/wp-json\/wp\/v2\/users\/1"}],"replies":[{"embeddable":true,"href":"https:\/\/conferinte.juridice.ro\/probleme-dificile-de-procedura-civila-2014\/wp-json\/wp\/v2\/comments?post=13"}],"version-history":[{"count":72,"href":"https:\/\/conferinte.juridice.ro\/probleme-dificile-de-procedura-civila-2014\/wp-json\/wp\/v2\/pages\/13\/revisions"}],"predecessor-version":[{"id":266,"href":"https:\/\/conferinte.juridice.ro\/probleme-dificile-de-procedura-civila-2014\/wp-json\/wp\/v2\/pages\/13\/revisions\/266"}],"wp:attachment":[{"href":"https:\/\/conferinte.juridice.ro\/probleme-dificile-de-procedura-civila-2014\/wp-json\/wp\/v2\/media?parent=13"}],"curies":[{"name":"wp","href":"https:\/\/api.w.org\/{rel}","templated":true}]}}