{"id":15,"date":"2013-08-19T09:04:10","date_gmt":"2013-08-19T09:04:10","guid":{"rendered":"http:\/\/www.proceduracivila.ro\/?page_id=15"},"modified":"2013-08-26T08:44:31","modified_gmt":"2013-08-26T08:44:31","slug":"speakeri","status":"publish","type":"page","link":"https:\/\/conferinte.juridice.ro\/ncpc-big-four\/speakeri","title":{"rendered":"Speakeri"},"content":{"rendered":"<p>Evenimentul reune\u0219te cei mai puternici profesori de procedur\u0103 civil\u0103, Viorel Mihai Ciobanu, Ion Deleanu, Ioan Le\u0219, Gabriel Boroi, care vor aborda o list\u0103 de subiecte controversate, pentru a oferi solu\u021biile pe care lumea juridic\u0103 le caut\u0103, \u00een \u00eencercarea de a curma \u0219i a preveni practica judiciar\u0103 neunitar\u0103.<\/p>\n<table width=\"100%\" border=\"0\">\n<tbody>\n<tr>\n<td align=\"left\" valign=\"top\" width=\"25%\"><a href=\"http:\/\/drept.unibuc.ro\/dyn_doc\/cv\/viorel-mihai-ciobanu-cv.pdf\" target=\"_blank\"><img loading=\"lazy\" decoding=\"async\" alt=\"Viorel Mihai Ciobanu\" src=\"http:\/\/www.juridice.ro\/imagini\/depozit\/oameni\/Viorel-Mihai-Ciobanu.jpg\" width=\"126\" height=\"158\" \/><\/a><br \/>&nbsp;&nbsp;&nbsp;V.M. Ciobanu<\/td>\n<td align=\"center\" valign=\"top\" width=\"25%\"><a href=\"http:\/\/ro.wikipedia.org\/wiki\/Ion_Deleanu\" target=\"_blank\"><img loading=\"lazy\" decoding=\"async\" alt=\"Ion Deleanu\" src=\"http:\/\/www.juridice.ro\/imagini\/depozit\/oameni\/Ion-Deleanu.jpg\" width=\"126\" height=\"158\" \/><\/a><br \/>I. Deleanu<\/td>\n<td align=\"center\" valign=\"top\" width=\"25%\"><a href=\"http:\/\/doctorate.ulbsibiu.ro\/obj\/documents\/CVLES.pdf\" target=\"_blank\"><img loading=\"lazy\" decoding=\"async\" alt=\"Ioan Les\" src=\"http:\/\/www.juridice.ro\/imagini\/depozit\/oameni\/Ioan-Les.jpg\" width=\"126\" height=\"158\" \/><\/a><br \/>I. Le&#351;<\/td>\n<td align=\"right\" valign=\"top\" width=\"25%\"><a href=\"http:\/\/www.univnt.ro\/cv\/uploads\/cv\/CV_Boroi_Gabriel.pdf\" target=\"_blank\"><img loading=\"lazy\" decoding=\"async\" alt=\"Gabriel Boroi\" src=\"http:\/\/www.juridice.ro\/imagini\/depozit\/oameni\/Gabriel-Boroi.jpg\" width=\"126\" height=\"158\" \/><\/a><br \/>G. Boroi&nbsp;&nbsp;&nbsp;&nbsp;&nbsp;&nbsp;<\/td>\n<\/tr>\n<\/tbody>\n<\/table>\n<p>Cuv\u00e2nt de deschidere: av. dr. Gheorghe Florea, Pre\u0219edinte UNBR<\/p>\n<p>Moderatori: conf. univ. dr. Traian Briciu, Bogdan Dumitrache, dr. Andrei S\u0103vescu<\/p>\n","protected":false},"excerpt":{"rendered":"<p>Evenimentul reune\u0219te cei mai puternici profesori de procedur\u0103 civil\u0103, Viorel Mihai Ciobanu, Ion Deleanu, Ioan Le\u0219, Gabriel Boroi, care vor aborda o list\u0103 de subiecte controversate, pentru a oferi solu\u021biile pe care lumea juridic\u0103 le caut\u0103, \u00een \u00eencercarea de a curma \u0219i a preveni practica judiciar\u0103 neunitar\u0103. &nbsp;&nbsp;&nbsp;V.M. Ciobanu I. Deleanu I. Le&#351; G. Boroi&nbsp;&nbsp;&nbsp;&nbsp;&nbsp;&nbsp; [&hellip;]<\/p>\n","protected":false},"author":1,"featured_media":0,"parent":0,"menu_order":5,"comment_status":"open","ping_status":"open","template":"","meta":{"footnotes":""},"class_list":["post-15","page","type-page","status-publish","hentry"],"_links":{"self":[{"href":"https:\/\/conferinte.juridice.ro\/ncpc-big-four\/wp-json\/wp\/v2\/pages\/15","targetHints":{"allow":["GET"]}}],"collection":[{"href":"https:\/\/conferinte.juridice.ro\/ncpc-big-four\/wp-json\/wp\/v2\/pages"}],"about":[{"href":"https:\/\/conferinte.juridice.ro\/ncpc-big-four\/wp-json\/wp\/v2\/types\/page"}],"author":[{"embeddable":true,"href":"https:\/\/conferinte.juridice.ro\/ncpc-big-four\/wp-json\/wp\/v2\/users\/1"}],"replies":[{"embeddable":true,"href":"https:\/\/conferinte.juridice.ro\/ncpc-big-four\/wp-json\/wp\/v2\/comments?post=15"}],"version-history":[{"count":14,"href":"https:\/\/conferinte.juridice.ro\/ncpc-big-four\/wp-json\/wp\/v2\/pages\/15\/revisions"}],"predecessor-version":[{"id":121,"href":"https:\/\/conferinte.juridice.ro\/ncpc-big-four\/wp-json\/wp\/v2\/pages\/15\/revisions\/121"}],"wp:attachment":[{"href":"https:\/\/conferinte.juridice.ro\/ncpc-big-four\/wp-json\/wp\/v2\/media?parent=15"}],"curies":[{"name":"wp","href":"https:\/\/api.w.org\/{rel}","templated":true}]}}