{"id":2,"date":"2014-03-31T12:33:29","date_gmt":"2014-03-31T12:33:29","guid":{"rendered":"http:\/\/conferinte.juridice.ro\/probleme-dificile-de-dreptul-muncii-2014\/?page_id=2"},"modified":"2015-05-27T13:14:58","modified_gmt":"2015-05-27T13:14:58","slug":"sample-page","status":"publish","type":"page","link":"http:\/\/conferinte.juridice.ro\/probleme-dificile-de-dreptul-muncii-2014\/","title":{"rendered":"Prezentare"},"content":{"rendered":"<p><span style=\"color: #ff0000;\"><strong>JURIDICE<\/strong><small>.ro<\/small><\/span>, Societatea de \u0218tiin\u021be Juridice, Wolters Kluwer Rom\u00e2nia \u0219i Camera de Comer\u021b \u0219i Industrie a Rom\u00e2niei v\u0103 invit\u0103 la conferin\u021ba<\/p>\n<h1 style=\"text-align: center; font-size: 28px; margin-bottom: 30px;\">Probleme dificile de dreptul muncii<\/h1>\n<p style=\"text-align: center;\">Bucure\u0219ti, CCIR, Amfiteatrul Al. I. Cuza<\/p>\n<p style=\"text-align: center;\">30 aprilie 2014 (Ed. a III-a)<\/p>\n<p style=\"text-align: center;\">Acreditare INPPA: participare \u00een sal\u0103: <span style=\"color: #ff0000;\"><strong>10 puncte<\/strong><\/span>; online: <span style=\"color: #ff0000;\"><strong>4 puncte<\/strong><\/span><\/p>\n<p><em>Conferin\u021ba se bucur\u0103 de participarea celor mai reputa\u021bi <a href=\"http:\/\/conferinte.juridice.ro\/probleme-dificile-de-dreptul-muncii-2014\/speakeri\/\">speciali\u0219ti<\/a> \u00een dreptul muncii.<\/em><\/p>\n<p><a href=\"http:\/\/conferinte.juridice.ro\/probleme-dificile-de-dreptul-muncii-2014\/inscrieri\/\"><img loading=\"lazy\" decoding=\"async\" class=\"alignright\" alt=\"Probleme dificile de dreptul muncii\" src=\"http:\/\/www.juridice.ro\/imagini\/depozit\/banner\/PDDM-2014-s.jpg\" width=\"300\" height=\"250\" \/><\/a><em>Dreptul muncii este dificil din orice unghi l-am privi, pentru c\u0103 ligitiile de dreptul muncii ascund o tensiune neobosit\u0103 \u00eentre salaria\u021bi \u0219i angajator. Conferin\u021ba reune\u0219te practicieni renumi\u021bi, speciali\u0219ti prestigio\u0219i \u0219i profesioni\u0219ti cu experien\u021b\u0103. Speakerii vor eviden\u021bia problemele dificile pe care instan\u021bele judec\u0103tore\u0219ti \u0219i angajatorii sunt chema\u021bi s\u0103 le rezolve. V\u0103 invit\u0103m s\u0103-i urm\u0103ri\u021bi \u0219i s\u0103 intra\u021bi \u00een dialog.<\/em><\/p>\n<hr \/>\n<p><strong>Conceptul evenimentului<\/strong><br \/>\nFiecare speaker va realiza\u00a0abord\u0103ri punctuale:<br \/>\n&#8211; prezint\u0103 o <a href=\"http:\/\/conferinte.juridice.ro\/probleme-dificile-de-dreptul-muncii-2014\/tematica\/\">problema dificil\u0103<\/a>, ar\u0103t\u00e2nd \u00een ce const\u0103 dificultatea (ex.: textul poate fi interpretat \u00een mod diferit, textul nu se coreleaz\u0103 cu alt text, textul intr\u0103 \u00een contradic\u021bie cu un text dintr-o alt\u0103 reglementare, textul na\u0219te jurispruden\u021b\u0103 divergent\u0103, textul nu este suficient de clar, textul este criticabil&#8230;)<br \/>\n&#8211; propune o solu\u021bie de rezolvare a dificult\u0103\u021bii, \u0219i<br \/>\n&#8211; discut\u0103 cu participan\u021bii pe marginea problemei \u0219i r\u0103spunde la \u00eentreb\u0103ri.<\/p>\n<hr \/>\n<p>Dezbaterile vor eviden\u021bia probleme \u0219i vor dezv\u0103lui solu\u021bii.<\/p>\n<p>Pentru a provoca <a href=\"http:\/\/conferinte.juridice.ro\/probleme-dificile-de-dreptul-muncii-2014\/speakeri\/\">speakerii<\/a> s\u0103 abordeze probleme pe care le considera\u021bi interesante, \u00een leg\u0103tur\u0103 cu aspectele la care ace\u0219tia se vor referi \u00een cadrul interven\u021biilor, v\u0103 rug\u0103m s\u0103 ne scrie\u021bi folosind\u00a0<a href=\"http:\/\/www.juridice.ro\/contact\">pagina de contact<\/a>.<\/p>\n<p>Evenimentul va fi transmis LIVE online pe JURIDICE.ro. Pentru \u00eenscrieri <a title=\"Inscrieri\" href=\"http:\/\/conferinte.juridice.ro\/probleme-dificile-de-dreptul-muncii-2014\/inscrieri\/\">click aici<\/a>.<\/p>\n<p><strong>Comitetul de organizare<\/strong>: av. Marinela CIOROAB\u0102, av. dr. Lumini\u021ba DIMA, av. dr. George M\u0102GUREANU, av. dr. Lumini\u021ba TULEA\u0218C\u0102, dr. Andrei S\u0102VESCU, av. drd. Lauren\u021biu PETRE<\/p>\n","protected":false},"excerpt":{"rendered":"<p>JURIDICE.ro, Societatea de \u0218tiin\u021be Juridice, Wolters Kluwer Rom\u00e2nia \u0219i Camera de Comer\u021b \u0219i Industrie a Rom\u00e2niei v\u0103 invit\u0103 la conferin\u021ba Probleme dificile de dreptul muncii Bucure\u0219ti, CCIR, Amfiteatrul Al. I. Cuza 30 aprilie 2014 (Ed. a III-a) Acreditare INPPA: participare \u00een sal\u0103: 10 puncte; online: 4 puncte Conferin\u021ba se bucur\u0103 de participarea celor mai reputa\u021bi [&hellip;]<\/p>\n","protected":false},"author":1,"featured_media":0,"parent":0,"menu_order":1,"comment_status":"open","ping_status":"open","template":"","meta":{"footnotes":""},"class_list":["post-2","page","type-page","status-publish","hentry"],"_links":{"self":[{"href":"http:\/\/conferinte.juridice.ro\/probleme-dificile-de-dreptul-muncii-2014\/wp-json\/wp\/v2\/pages\/2","targetHints":{"allow":["GET"]}}],"collection":[{"href":"http:\/\/conferinte.juridice.ro\/probleme-dificile-de-dreptul-muncii-2014\/wp-json\/wp\/v2\/pages"}],"about":[{"href":"http:\/\/conferinte.juridice.ro\/probleme-dificile-de-dreptul-muncii-2014\/wp-json\/wp\/v2\/types\/page"}],"author":[{"embeddable":true,"href":"http:\/\/conferinte.juridice.ro\/probleme-dificile-de-dreptul-muncii-2014\/wp-json\/wp\/v2\/users\/1"}],"replies":[{"embeddable":true,"href":"http:\/\/conferinte.juridice.ro\/probleme-dificile-de-dreptul-muncii-2014\/wp-json\/wp\/v2\/comments?post=2"}],"version-history":[{"count":23,"href":"http:\/\/conferinte.juridice.ro\/probleme-dificile-de-dreptul-muncii-2014\/wp-json\/wp\/v2\/pages\/2\/revisions"}],"predecessor-version":[{"id":98,"href":"http:\/\/conferinte.juridice.ro\/probleme-dificile-de-dreptul-muncii-2014\/wp-json\/wp\/v2\/pages\/2\/revisions\/98"}],"wp:attachment":[{"href":"http:\/\/conferinte.juridice.ro\/probleme-dificile-de-dreptul-muncii-2014\/wp-json\/wp\/v2\/media?parent=2"}],"curies":[{"name":"wp","href":"https:\/\/api.w.org\/{rel}","templated":true}]}}