{"id":9,"date":"2014-08-31T23:42:23","date_gmt":"2014-08-31T21:42:23","guid":{"rendered":"http:\/\/conferinte.juridice.ro\/probleme-dificile-de-drept-civil-2014\/?page_id=9"},"modified":"2014-09-30T23:26:17","modified_gmt":"2014-09-30T21:26:17","slug":"speakeri","status":"publish","type":"page","link":"http:\/\/conferinte.juridice.ro\/probleme-dificile-de-drept-civil-2014\/speakeri\/","title":{"rendered":"Speakeri"},"content":{"rendered":"<div class=\"casete-avocati-gold\"><a href=\"http:\/\/www.juridice.ro\/valeriu-stoica\" target=\"_blank\" rel=\"nofollow\"><img decoding=\"async\" class=\"alignnone\" title=\"Valeriu STOICA\" src=\"http:\/\/www.juridice.ro\/imagini\/depozit\/oameni\/Valeriu-Stoica.jpg\" alt=\"Valeriu STOICA\" \/><\/a>Prof. univ. dr. <a title=\"Valeriu STOICA\" href=\"http:\/\/www.juridice.ro\/valeriu-stoica\" target=\"_blank\" rel=\"nofollow\">Valeriu STOICA<\/a><br \/>\nFacultatea de Drept a Universit\u0103\u0163ii din Bucure\u015fti<\/div>\n<div class=\"casete-avocati-gold\"><a href=\"http:\/\/www.juridice.ro\/flavius-baias\" target=\"_blank\"><img decoding=\"async\" class=\"alignnone\" src=\"http:\/\/www.juridice.ro\/imagini\/depozit\/oameni\/Flavius-Baias.jpg\" alt=\"Flavius BAIAS\" \/><\/a>Conf. univ. dr. <a href=\"http:\/\/www.juridice.ro\/flavius-baias\" target=\"_blank\">Flavius BAIAS<\/a><br \/>\nDecanul Facult\u0103\u0163ii de Drept a Universit\u0103\u021bii din Bucure\u015fti<\/div>\n<div class=\"casete-avocati-gold\"><a href=\"http:\/\/www.juridice.ro\/lucian-bercea\" target=\"_blank\"><img decoding=\"async\" class=\"alignnone\" src=\"http:\/\/www.juridice.ro\/imagini\/depozit\/oameni\/Lucian-Bercea.jpg\" alt=\"Lucian BERCEA\" \/><\/a>Prof. univ. dr. <a href=\"http:\/\/www.juridice.ro\/lucian-bercea\" target=\"_blank\">Lucian BERCEA<\/a><br \/>\nDecanul Facult\u0103\u021bii de Drept a Universit\u0103\u021bii de Vest din Timi\u015foara<\/div>\n<div class=\"casete-avocati-gold\"><a href=\"http:\/\/www.juridice.ro\/florin-streteanu\" target=\"_blank\"><img decoding=\"async\" class=\"alignnone\" src=\"http:\/\/www.juridice.ro\/imagini\/depozit\/oameni\/Florin-Streteanu.jpg\" alt=\"Florin STRETEANU\" \/><\/a>Prof. univ. dr. <a href=\"http:\/\/www.juridice.ro\/florin-streteanu\" target=\"_blank\">Florin STRETEANU<\/a><br \/>\nDecanul Facult\u0103\u021bii de Drept a Universit\u0103\u021bii Babe\u015f-Bolyai din Cluj-Napoca<\/div>\n<div class=\"casete-avocati-gold\"><a href=\"http:\/\/www.juridice.ro\/sevastian-cercel\" target=\"_blank\"><img decoding=\"async\" class=\"alignnone\" src=\"http:\/\/www.juridice.ro\/imagini\/depozit\/oameni\/Sevastian-Cercel.jpg\" alt=\"Sevastian CERCEL\" \/><\/a>Prof. univ. dr. <a href=\"http:\/\/www.juridice.ro\/sevastian-cercel\" target=\"_blank\">Sevastian CERCEL<\/a><br \/>\nDecanul Facult\u0103\u021bii de Drept a Universit\u0103\u021bii din Craiova<\/div>\n<div class=\"casete-avocati-gold\"><a href=\"http:\/\/www.juridice.ro\/dan-chirica\" target=\"_blank\"><img decoding=\"async\" class=\"alignnone\" src=\"http:\/\/www.juridice.ro\/imagini\/depozit\/oameni\/Dan-Chirica.jpg\" alt=\"Dan CHIRIC\u0102\" \/><\/a>Prof. univ. dr. <a href=\"http:\/\/www.juridice.ro\/dan-chirica\" target=\"_blank\">Dan CHIRIC\u0102<\/a><br \/>\nFacultatea de Drept a Universit\u0103\u021bii Babe\u015f-Bolyai din Cluj-Napoca<\/div>\n<div class=\"casete-avocati-gold\"><a href=\"http:\/\/www.juridice.ro\/vioreln-ros\" target=\"_blank\"><img decoding=\"async\" class=\"alignnone\" src=\"http:\/\/www.juridice.ro\/imagini\/depozit\/oameni\/Viorel-Ros.jpg\" alt=\"Viorel RO\u015e\" \/><\/a>Prof. univ. dr. <a href=\"http:\/\/www.juridice.ro\/viorel-ros\" target=\"_blank\">Viorel RO\u015e<\/a><br \/>\nFacultatea de Drept a Universit\u0103\u021bii Nicolae Titulescu<\/div>\n<div class=\"casete-avocati-gold\"><a href=\"http:\/\/www.juridice.ro\/brandusa-stefanescu\" target=\"_blank\"><img decoding=\"async\" class=\"alignnone\" src=\"http:\/\/www.juridice.ro\/imagini\/depozit\/oameni\/Brandusa-Stefanescu.jpg\" alt=\"Br\u00e2ndu\u0219a \u0218TEF\u0102NESCU\" \/><\/a>Prof. univ. dr. <a href=\"http:\/\/www.juridice.ro\/brandusa-stefanescu\" target=\"_blank\">Br\u00e2ndu\u0219a \u0218TEF\u0102NESCU<\/a><br \/>\nCatedra de Drept a Academiei de Studii Economice<\/div>\n<div class=\"casete-avocati-gold\"><a href=\"http:\/\/www.juridice.ro\/mircea-bob\" target=\"_blank\"><img decoding=\"async\" class=\"alignnone\" src=\"http:\/\/www.juridice.ro\/imagini\/depozit\/oameni\/Mircea-Bob.jpg\" alt=\"Mircea BOB\" \/><\/a>Conf. univ. dr. <a href=\"http:\/\/www.juridice.ro\/mircea-bob\" target=\"_blank\">Mircea BOB<\/a><br \/>\nFacultatea de Drept a Universit\u0103\u021bii Babe\u015f-Bolyai din Cluj-Napoca<\/div>\n<div class=\"casete-avocati-gold\"><a href=\"http:\/\/www.juridice.ro\/ionut-florin-popa\" target=\"_blank\"><img decoding=\"async\" class=\"alignnone\" src=\"http:\/\/www.juridice.ro\/imagini\/depozit\/oameni\/Ionut-Florin-Popa.jpg\" alt=\"Ionu\u0163-Florin POPA\" \/><\/a>Conf. univ. dr. <a href=\"http:\/\/www.juridice.ro\/ionut-florin-popa\" target=\"_blank\">Ionu\u0163-Florin POPA<\/a><br \/>\nFacultatea de Drept a Universit\u0103\u021bii Babe\u015f-Bolyai din Cluj-Napoca<\/div>\n<div class=\"casete-avocati-gold\"><a href=\"http:\/\/www.juridice.ro\/razvan-dinca\" target=\"_blank\"><img decoding=\"async\" class=\"alignnone\" src=\"http:\/\/www.juridice.ro\/imagini\/depozit\/oameni\/Razvan-Dinca2.png\" alt=\"R\u0103zvan DINC\u0102\" \/><\/a>Conf. univ. dr. <a href=\"http:\/\/www.juridice.ro\/razvan-dinca\" target=\"_blank\">R\u0103zvan DINC\u0102<\/a><br \/>\nProdecan Facultatea de Drept a Universit\u0103\u021bii din Bucure\u0219ti<\/div>\n<div class=\"casete-avocati-gold\"><a href=\"http:\/\/www.juridice.ro\/claudiu-buglea\" target=\"_blank\"><img decoding=\"async\" class=\"alignnone\" src=\"http:\/\/www.juridice.ro\/imagini\/depozit\/oameni\/Claudiu-Buglea.jpg\" alt=\"Claudiu BUGLEA\" \/><\/a>Conf. univ. dr. <a href=\"http:\/\/www.juridice.ro\/claudiu-buglea\" target=\"_blank\">Claudiu BUGLEA<\/a><br \/>\nProdecan Facultatea de Drept a Universit\u0103\u021bii din Bucure\u0219ti<\/div>\n<div class=\"casete-avocati-gold\"><a href=\"http:\/\/www.juridice.ro\/radu-rizoiu\" target=\"_blank\"><img decoding=\"async\" class=\"alignnone\" src=\"http:\/\/www.juridice.ro\/imagini\/depozit\/oameni\/Radu-Rizoiu.jpg\" alt=\"Radu RIZOIU\" \/><\/a>Lect. univ. dr. <a href=\"http:\/\/www.juridice.ro\/radu-rizoiu\" target=\"_blank\">Radu RIZOIU<\/a><br \/>\nFacultatea de Drept a Universit\u0103\u021bii din Bucure\u0219ti<\/div>\n<div class=\"casete-avocati-gold\"><a href=\"http:\/\/www.juridice.ro\/bazil-oglinda\" target=\"_blank\"><img decoding=\"async\" class=\"alignnone\" src=\"http:\/\/www.juridice.ro\/imagini\/depozit\/oameni\/Bazil-Oglinda.jpg\" alt=\"Bazil OGLIND\u0102\" \/><\/a>Lect. univ. dr. <a href=\"http:\/\/www.juridice.ro\/bazil-oglinda\" target=\"_blank\">Bazil OGLIND\u0102<\/a><br \/>\nCatedra de Drept a Academiei de Studii Economice<\/div>\n<div class=\"casete-avocati-gold\"><a href=\"http:\/\/www.juridice.ro\/bogdan-dumitrache\" target=\"_blank\"><img decoding=\"async\" class=\"alignnone\" src=\"http:\/\/www.juridice.ro\/imagini\/depozit\/oameni\/Bogdan-Dumitrache.jpg\" alt=\"Bogdan DUMITRACHE\" \/><\/a><a href=\"http:\/\/www.juridice.ro\/bogdan-dumitrache\" target=\"_blank\">Bogdan DUMITRACHE<\/a><\/div>\n<div><strong>Moderatori<\/strong><\/div>\n<div class=\"casete-avocati-gold\"><a href=\"http:\/\/www.juridice.ro\/bogdan-dumitrache\" target=\"_blank\"><img decoding=\"async\" class=\"alignnone\" src=\"http:\/\/www.juridice.ro\/imagini\/depozit\/oameni\/Bogdan-Dumitrache.jpg\" alt=\"Bogdan DUMITRACHE\" \/><\/a><a href=\"http:\/\/www.juridice.ro\/bogdan-dumitrache\" target=\"_blank\">Bogdan DUMITRACHE<\/a><\/div>\n<div class=\"casete-avocati-gold\"><a href=\"http:\/\/www.juridice.ro\/adriana-almasan\" target=\"_blank\"><img decoding=\"async\" class=\"alignnone\" src=\"http:\/\/www.juridice.ro\/imagini\/depozit\/oameni\/Adriana-Almasan.jpg\" alt=\"Adriana ALM\u0102\u0218AN\" \/><\/a>Conf. univ. dr. <a href=\"http:\/\/www.juridice.ro\/adriana-almasan\" target=\"_blank\">Adriana ALM\u0102\u0218AN<\/a><br \/>\nFacultatea de Drept a Universit\u0103\u021bii din Bucure\u0219ti<\/div>\n<div class=\"casete-avocati-gold\"><a href=\"http:\/\/www.juridice.ro\/andrei-savescu\" target=\"_blank\"><img decoding=\"async\" class=\"alignnone\" src=\"http:\/\/www.juridice.ro\/imagini\/depozit\/oameni\/Andrei-Savescu-3.jpg\" alt=\"Andrei S\u0102VESCU\" \/><\/a>Dr. <a href=\"http:\/\/www.juridice.ro\/andrei-savescu\" target=\"_blank\">Andrei S\u0102VESCU<\/a><br \/>\nCoord. JURIDICE.ro]<\/div>\n","protected":false},"excerpt":{"rendered":"<p>Prof. univ. dr. Valeriu STOICA Facultatea de Drept a Universit\u0103\u0163ii din Bucure\u015fti Conf. univ. dr. Flavius BAIAS Decanul Facult\u0103\u0163ii de Drept a Universit\u0103\u021bii din Bucure\u015fti Prof. univ. dr. Lucian BERCEA Decanul Facult\u0103\u021bii de Drept a Universit\u0103\u021bii de Vest din Timi\u015foara Prof. univ. dr. Florin STRETEANU Decanul Facult\u0103\u021bii de Drept a Universit\u0103\u021bii Babe\u015f-Bolyai din Cluj-Napoca Prof. [&hellip;]<\/p>\n","protected":false},"author":1,"featured_media":0,"parent":0,"menu_order":2,"comment_status":"open","ping_status":"open","template":"","meta":{"footnotes":""},"class_list":["post-9","page","type-page","status-publish","hentry"],"_links":{"self":[{"href":"http:\/\/conferinte.juridice.ro\/probleme-dificile-de-drept-civil-2014\/wp-json\/wp\/v2\/pages\/9","targetHints":{"allow":["GET"]}}],"collection":[{"href":"http:\/\/conferinte.juridice.ro\/probleme-dificile-de-drept-civil-2014\/wp-json\/wp\/v2\/pages"}],"about":[{"href":"http:\/\/conferinte.juridice.ro\/probleme-dificile-de-drept-civil-2014\/wp-json\/wp\/v2\/types\/page"}],"author":[{"embeddable":true,"href":"http:\/\/conferinte.juridice.ro\/probleme-dificile-de-drept-civil-2014\/wp-json\/wp\/v2\/users\/1"}],"replies":[{"embeddable":true,"href":"http:\/\/conferinte.juridice.ro\/probleme-dificile-de-drept-civil-2014\/wp-json\/wp\/v2\/comments?post=9"}],"version-history":[{"count":56,"href":"http:\/\/conferinte.juridice.ro\/probleme-dificile-de-drept-civil-2014\/wp-json\/wp\/v2\/pages\/9\/revisions"}],"predecessor-version":[{"id":212,"href":"http:\/\/conferinte.juridice.ro\/probleme-dificile-de-drept-civil-2014\/wp-json\/wp\/v2\/pages\/9\/revisions\/212"}],"wp:attachment":[{"href":"http:\/\/conferinte.juridice.ro\/probleme-dificile-de-drept-civil-2014\/wp-json\/wp\/v2\/media?parent=9"}],"curies":[{"name":"wp","href":"https:\/\/api.w.org\/{rel}","templated":true}]}}