{"id":30,"date":"2014-04-11T15:44:34","date_gmt":"2014-04-11T15:44:34","guid":{"rendered":"http:\/\/conferinte.juridice.ro\/controverse-in-materia-achizitiilor-publice-2014\/?page_id=30"},"modified":"2014-04-11T23:12:57","modified_gmt":"2014-04-11T23:12:57","slug":"participanti","status":"publish","type":"page","link":"http:\/\/conferinte.juridice.ro\/controverse-in-materia-achizitiilor-publice-2014\/participanti\/","title":{"rendered":"Participan\u021bi"},"content":{"rendered":"<p><b>Florentina DR\u0102GAN<\/b>, Consilier de solu\u0163ionare \u015fi membru \u00een colegiul\u00a0<b>Consiliului Na\u0163ional de Solu\u0163ionare a Contesta\u0163iilor (CNSC)<\/b><\/p>\n<p><b>Dr. Florentin \u0162UCA<\/b>, Partener al\u00a0<b>\u0162uca Zb\u00e2rcea &amp; Asocia\u0163ii<\/b>, Doctor \u00een PPP \u015fi Expert achizi\u0163ii publice<\/p>\n<p><b>Ioana<\/b>\u00a0<b>HRISAFI<\/b>, Partener al\u00a0<b>\u0162uca Zb\u00e2rcea &amp; Asocia\u0163ii<\/b>\u00a0\u015fi Expert achizi\u0163ii publice<\/p>\n<p><b>Oana GAVRIL\u0102<\/b>, Managing Associate al\u00a0<b>\u0162uca Zb\u00e2rcea &amp; Asocia\u0163ii<\/b>\u00a0\u015fi Expert achizi\u0163ii publice<\/p>\n<p><b>Iuliana LEON<\/b>, Senior Associate al\u00a0<b>\u0162uca Zb\u00e2rcea &amp; Asocia\u0163ii<\/b>, Expert \u00een parteneriat public-privat \u015fi Expert achizi\u0163ii publice<\/p>\n<p><b>Judec\u0103tori<\/b>\u00a0ai sec\u0163iei de contencios administrativ ai Cur\u0163ii de Apel Bucure\u015fti<\/p>\n<p>Reprezentan\u0163i ai\u00a0<b>Autorit\u0103\u0163ii Na\u0163ionale pentru Reglementarea \u015fi Monitorizarea Achizi\u0163iilor Publice (ANRMAP)<\/b><\/p>\n<hr>\n<p>MODERATORI: <b>Oana GAVRIL\u0102<\/b>, Managing Associate al\u00a0<b>\u0162uca Zb\u00e2rcea &amp; Asocia\u0163ii<\/b>\u00a0\u015fi Expert achizi\u0163ii publice, dr. <b>Andrei S\u0102VESCU<\/b>, coord. JURIDICE.ro<\/p>\n","protected":false},"excerpt":{"rendered":"<p>Florentina DR\u0102GAN, Consilier de solu\u0163ionare \u015fi membru \u00een colegiul\u00a0Consiliului Na\u0163ional de Solu\u0163ionare a Contesta\u0163iilor (CNSC) Dr. Florentin \u0162UCA, Partener al\u00a0\u0162uca Zb\u00e2rcea &amp; Asocia\u0163ii, Doctor \u00een PPP \u015fi Expert achizi\u0163ii publice Ioana\u00a0HRISAFI, Partener al\u00a0\u0162uca Zb\u00e2rcea &amp; Asocia\u0163ii\u00a0\u015fi Expert achizi\u0163ii publice Oana GAVRIL\u0102, Managing Associate al\u00a0\u0162uca Zb\u00e2rcea &amp; Asocia\u0163ii\u00a0\u015fi Expert achizi\u0163ii publice Iuliana LEON, Senior Associate al\u00a0\u0162uca [&hellip;]<\/p>\n","protected":false},"author":1,"featured_media":0,"parent":0,"menu_order":4,"comment_status":"open","ping_status":"open","template":"","meta":{"footnotes":""},"class_list":["post-30","page","type-page","status-publish","hentry"],"_links":{"self":[{"href":"http:\/\/conferinte.juridice.ro\/controverse-in-materia-achizitiilor-publice-2014\/wp-json\/wp\/v2\/pages\/30","targetHints":{"allow":["GET"]}}],"collection":[{"href":"http:\/\/conferinte.juridice.ro\/controverse-in-materia-achizitiilor-publice-2014\/wp-json\/wp\/v2\/pages"}],"about":[{"href":"http:\/\/conferinte.juridice.ro\/controverse-in-materia-achizitiilor-publice-2014\/wp-json\/wp\/v2\/types\/page"}],"author":[{"embeddable":true,"href":"http:\/\/conferinte.juridice.ro\/controverse-in-materia-achizitiilor-publice-2014\/wp-json\/wp\/v2\/users\/1"}],"replies":[{"embeddable":true,"href":"http:\/\/conferinte.juridice.ro\/controverse-in-materia-achizitiilor-publice-2014\/wp-json\/wp\/v2\/comments?post=30"}],"version-history":[{"count":7,"href":"http:\/\/conferinte.juridice.ro\/controverse-in-materia-achizitiilor-publice-2014\/wp-json\/wp\/v2\/pages\/30\/revisions"}],"predecessor-version":[{"id":54,"href":"http:\/\/conferinte.juridice.ro\/controverse-in-materia-achizitiilor-publice-2014\/wp-json\/wp\/v2\/pages\/30\/revisions\/54"}],"wp:attachment":[{"href":"http:\/\/conferinte.juridice.ro\/controverse-in-materia-achizitiilor-publice-2014\/wp-json\/wp\/v2\/media?parent=30"}],"curies":[{"name":"wp","href":"https:\/\/api.w.org\/{rel}","templated":true}]}}