{"id":11,"date":"2014-04-11T14:08:42","date_gmt":"2014-04-11T14:08:42","guid":{"rendered":"http:\/\/conferinte.juridice.ro\/controverse-in-materia-achizitiilor-publice-2014\/?page_id=11"},"modified":"2014-04-11T15:20:48","modified_gmt":"2014-04-11T15:20:48","slug":"program","status":"publish","type":"page","link":"http:\/\/conferinte.juridice.ro\/controverse-in-materia-achizitiilor-publice-2014\/program\/","title":{"rendered":"Program"},"content":{"rendered":"<p><strong style=\"line-height: 1.5em;\">Mar\u021bi, 13 mai 2014<\/strong><\/p>\n<p><em>09:30-10:00 &#8211; Welcome Coffee Break<\/em><\/p>\n<hr style=\"margin-top: 0px; margin-bottom: 20px;\" \/>\n<p><strong>10:00-13:00 SESIUNEA I<\/strong><\/p>\n<p><strong>\/ Completarea argumenta\u0163iei din contesta\u021bie dup\u0103 studiul dosarului achizi\u0163iei<\/strong><\/p>\n<p><strong>\/ Evalu\u0103ri succesive \u00een procedura achizi\u021biilor publice<\/strong><\/p>\n<hr \/>\n<p>13:00-14:00 &#8211; Networking Lunch<\/p>\n<hr \/>\n<p><strong>14:00-16:30 SESIUNEA a II-a<\/strong><\/p>\n<p><strong>\/ Modificarea contractelor de achizi\u0163ii publice pe parcursul execut\u0103rii acestora<\/strong><\/p>\n<p><strong>\/ Obliga\u0163ia implic\u0103rii subcontractan\u0163ilor nominaliza\u0163i \u00een executarea contractului<\/strong><\/p>\n<p><strong>\/ Obliga\u0163ia implic\u0103rii ofertantului desemnat c\u00e2\u015ftig\u0103tor \u00een litigiul derulat \u00een leg\u0103tur\u0103 cu procedura de atribuire<\/strong><\/p>\n<hr \/>\n<p><strong>16:30-17:00 \u00ceNTREB\u0102RI \u015eI R\u0102SPUNSURI<\/strong><\/p>\n","protected":false},"excerpt":{"rendered":"<p>Mar\u021bi, 13 mai 2014 09:30-10:00 &#8211; Welcome Coffee Break 10:00-13:00 SESIUNEA I \/ Completarea argumenta\u0163iei din contesta\u021bie dup\u0103 studiul dosarului achizi\u0163iei \/ Evalu\u0103ri succesive \u00een procedura achizi\u021biilor publice 13:00-14:00 &#8211; Networking Lunch 14:00-16:30 SESIUNEA a II-a \/ Modificarea contractelor de achizi\u0163ii publice pe parcursul execut\u0103rii acestora \/ Obliga\u0163ia implic\u0103rii subcontractan\u0163ilor nominaliza\u0163i \u00een executarea contractului \/ [&hellip;]<\/p>\n","protected":false},"author":1,"featured_media":0,"parent":0,"menu_order":2,"comment_status":"open","ping_status":"open","template":"","meta":{"footnotes":""},"class_list":["post-11","page","type-page","status-publish","hentry"],"_links":{"self":[{"href":"http:\/\/conferinte.juridice.ro\/controverse-in-materia-achizitiilor-publice-2014\/wp-json\/wp\/v2\/pages\/11","targetHints":{"allow":["GET"]}}],"collection":[{"href":"http:\/\/conferinte.juridice.ro\/controverse-in-materia-achizitiilor-publice-2014\/wp-json\/wp\/v2\/pages"}],"about":[{"href":"http:\/\/conferinte.juridice.ro\/controverse-in-materia-achizitiilor-publice-2014\/wp-json\/wp\/v2\/types\/page"}],"author":[{"embeddable":true,"href":"http:\/\/conferinte.juridice.ro\/controverse-in-materia-achizitiilor-publice-2014\/wp-json\/wp\/v2\/users\/1"}],"replies":[{"embeddable":true,"href":"http:\/\/conferinte.juridice.ro\/controverse-in-materia-achizitiilor-publice-2014\/wp-json\/wp\/v2\/comments?post=11"}],"version-history":[{"count":9,"href":"http:\/\/conferinte.juridice.ro\/controverse-in-materia-achizitiilor-publice-2014\/wp-json\/wp\/v2\/pages\/11\/revisions"}],"predecessor-version":[{"id":28,"href":"http:\/\/conferinte.juridice.ro\/controverse-in-materia-achizitiilor-publice-2014\/wp-json\/wp\/v2\/pages\/11\/revisions\/28"}],"wp:attachment":[{"href":"http:\/\/conferinte.juridice.ro\/controverse-in-materia-achizitiilor-publice-2014\/wp-json\/wp\/v2\/media?parent=11"}],"curies":[{"name":"wp","href":"https:\/\/api.w.org\/{rel}","templated":true}]}}

<p><strong style="line-height: 1.5em;">Marți, 13 mai 2014</strong></p>
<p><em>09:30-10:00 &#8211; Welcome Coffee Break</em></p>
<hr style="margin-top: 0px; margin-bottom: 20px;" />
<p><strong>10:00-13:00 SESIUNEA I</strong></p>
<p><strong>/ Completarea argumentaţiei din contestație după studiul dosarului achiziţiei</strong></p>
<p><strong>/ Evaluări succesive în procedura achizițiilor publice</strong></p>
<hr />
<p>13:00-14:00 &#8211; Networking Lunch</p>
<hr />
<p><strong>14:00-16:30 SESIUNEA a II-a</strong></p>
<p><strong>/ Modificarea contractelor de achiziţii publice pe parcursul executării acestora</strong></p>
<p><strong>/ Obligaţia implicării subcontractanţilor nominalizaţi în executarea contractului</strong></p>
<p><strong>/ Obligaţia implicării ofertantului desemnat câştigător în litigiul derulat în legătură cu procedura de atribuire</strong></p>
<hr />
<p><strong>16:30-17:00 ÎNTREBĂRI ŞI RĂSPUNSURI</strong></p>

<p>Marți, 13 mai 2014 09:30-10:00 &#8211; Welcome Coffee Break 10:00-13:00 SESIUNEA I / Completarea argumentaţiei din contestație după studiul dosarului achiziţiei / Evaluări succesive în procedura achizițiilor publice 13:00-14:00 &#8211; Networking Lunch 14:00-16:30 SESIUNEA a II-a / Modificarea contractelor de achiziţii publice pe parcursul executării acestora / Obligaţia implicării subcontractanţilor nominalizaţi în executarea contractului / [&hellip;]</p>
